ands digit of 697846815?
6
What is the tens digit of 357406570?
7
What is the tens digit of 98325306?
0
What is the ten millions digit of 399224967?
9
What is the hundred thousands digit of 1553310432?
3
What is the ten thousands digit of 443186993?
8
What is the ten millions digit of 9185695224?
8
What is the millions digit of 33249775?
3
What is the hundreds digit of 12011221?
2
What is the hundred thousands digit of 251404941?
4
What is the millions digit of 7311703?
7
What is the units digit of 927963352?
2
What is the thousands digit of 490561378?
1
What is the units digit of 696875393?
3
What is the millions digit of 261014360?
1
What is the hundreds digit of 41285728?
7
What is the hundred millions digit of 126562588?
1
What is the units digit of 65174615?
5
What is the hundred millions digit of 174360681?
1
What is the ten millions digit of 1806617240?
0
What is the ten millions digit of 38086178?
3
What is the ten millions digit of 112439804?
1
What is the hundred thousands digit of 171579189?
5
What is the ten millions digit of 260293140?
6
What is the thousands digit of 103511853?
1
What is the hundreds digit of 58984305?
3
What is the ten thousands digit of 2183289274?
8
What is the ten thousands digit of 4193693?
9
What is the hundred thousands digit of 1029584444?
5
What is the units digit of 270413074?
4
What is the thousands digit of 707922653?
2
What is the hundred thousands digit of 1189137616?
1
What is the hundreds digit of 1136920765?
7
What is the thousands digit of 5545553319?
3
What is the tens digit of 518685607?
0
What is the units digit of 166564611?
1
What is the tens digit of 152512815?
1
What is the ten thousands digit of 585470978?
7
What is the ten thousands digit of 795728920?
2
What is the units digit of 4896816310?
0
What is the tens digit of 11660480?
8
What is the ten thousands digit of 67321623?
2
What is the tens digit of 328614839?
3
What is the ten millions digit of 112609217?
1
What is the billions digit of 1211424215?
1
What is the hundreds digit of 36339531?
5
What is the units digit of 77303586?
6
What is the millions digit of 2083227634?
3
What is the tens digit of 200787417?
1
What is the hundred thousands digit of 607021484?
0
What is the millions digit of 38789664?
8
What is the tens digit of 5021686473?
7
What is the tens digit of 55375150?
5
What is the hundred thousands digit of 7197909438?
9
What is the tens digit of 143832860?
6
What is the ten thousands digit of 2616860235?
6
What is the tens digit of 4661659150?
5
What is the ten millions digit of 32962614?
3
What is the units digit of 121549762?
2
What is the ten millions digit of 103067853?
0
What is the millions digit of 1615971320?
5
What is the hundreds digit of 961760910?
9
What is the hundred thousands digit of 1079859958?
8
What is the ten thousands digit of 2379849362?
4
What is the thousands digit of 10684166?
4
What is the hundred thousands digit of 46046470?
0
What is the ten millions digit of 22199340?
2
What is the hundreds digit of 335271349?
3
What is the hundred millions digit of 573928369?
5
What is the millions digit of 4888522195?
8
What is the hundred thousands digit of 117154407?
1
What is the hundred thousands digit of 468377308?
3
What is the hundreds digit of 163246793?
7
What is the tens digit of 49032592?
9
What is the hundreds digit of 40630602?
6
What is the hundred thousands digit of 217589678?
5
What is the thousands digit of 2839602520?
2
What is the tens digit of 754553122?
2
What is the tens digit of 673917150?
5
What is the hundreds digit of 5302178170?
1
What is the hundred millions digit of 193262440?
1
What is the billions digit of 1202737989?
1
What is the thousands digit of 359404095?
4
What is the millions digit of 575538955?
5
What is the ten millions digit of 78463261?
7
What is the hundred thousands digit of 13229705?
2
What is the thousands digit of 25673157?
3
What is the hundred thousands digit of 1517364725?
3
What is the hundred millions digit of 130149393?
1
What is the hundred thousands digit of 232119178?
1
What is the millions digit of 496406472?
6
What is the ten thousands digit of 7355708?
5
What is the ten thousands digit of 726903711?
0
What is the hundred thousands digit of 810592811?
5
What is the ten millions digit of 549992748?
4
What is the hundreds digit of 799431928?
9
What is the hundred millions digit of 462531769?
4
What is the hundred thousands digit of 15389570?
3
What is the hundred thousands digit of 1017998844?
9
What is the hundred thousands digit of 136035925?
0
What is the hundred thousands digit of 494314181?
3
What is the tens digit of 32211818?
1
What is the ten millions digit of 254885014?
5
What is the ten millions digit of 3631312406?
3
What is the hundreds digit of 248973010?
0
What is the tens digit of 64229190?
9
What is the millions digit of 44403663?
4
What is the ten thousands digit of 146221570?
2
What is the tens digit of 1621210895?
9
What is the ten thousands digit of 4270924045?
2
What is the hundred millions digit of 136584018?
1
What is the thousands digit of 394727605?
7
What is the units digit of 384988873?
3
What is the ten millions digit of 255554298?
5
What is the hundred thousands digit of 254591103?
5
What is the ten millions digit of 2820414505?
2
What is the thousands digit of 57500288?
0
What is the hundreds digit of 835160547?
5
What is the hundreds digit of 1361669382?
3
What is the hundreds digit of 231984409?
4
What is the tens digit of 86570263?
6
What is the units digit of 643007541?
1
What is the millions digit of 243799341?
3
What is the hundred millions digit of 1456553687?
4
What is the hundreds digit of 11769565?
5
What is the ten millions digit of 16531726?
1
What is the tens digit of 16298380?
8
What is the thousands digit of 28313690?
3
What is the ten millions digit of 5542900033?
4
What is the hundred thousands digit of 36519100?
5
What is the units digit of 160284446?
6
What is the hundreds digit of 97383939?
9
What is the units digit of 2012632637?
7
What is the ten thousands digit of 4172672634?
7
What is the ten millions digit of 22308650?
2
What is the ten millions digit of 6458603277?
5
What is the millions digit of 87714934?
7
What is the hundred millions digit of 5932097616?
9
What is the ten millions digit of 855258591?
5
What is the millions digit of 183786710?
3
What is the billions digit of 3091318772?
3
What is the tens digit of 42433859?
5
What is the thousands digit of 48283570?
3
What is the hundred thousands digit of 9319817?
3
What is the ten thousands digit of 37146374?
4
What is the hundred thousands digit of 646797910?
7
What is the millions digit of 1297903791?
7
What is the ten millions digit of 145407408?
4
What is the units digit of 111698720?
0
What is the ten thousands digit of 137803771?
0
What is the hundred thousands digit of 139616734?
6
What is the hundreds digit of 1277482193?
1
What is the units digit of 13925030?
0
What is the tens digit of 51396529?
2
What is the ten millions digit of 2759097683?
5
What is the thousands digit of 2262650399?
0
What is the hundred millions digit of 746423879?
7
What is the units digit of 56096368?
8
What is the thousands digit of 68195285?
5
What is the units digit of 390160427?
7
What is the ten millions digit of 114175445?
1
What is the thousands digit of 51238930?
8
What is the hundred thousands digit of 50232758?
2
What is the hundreds digit of 6566726591?
5
What is the tens digit of 291887769?
6
What is the hundreds digit of 521487046?
0
What is the millions digit of 2201188497?
1
What is the tens digit of 487829870?
7
What is the units digit of 475542465?
5
What is the thousands digit of 1480848345?
8
What is the thousands digit of 90822009?
2
What is the hundred thousands digit of 109371986?
3
What is the hundred thousands digit of 2875083332?
0
What is the hundred thousands digit of 756250618?
2
What is the units digit of 4342468043?
3
What is the hundreds digit of 252751782?
7
What is the ten thousands digit of 454570376?
7
What is the thousands digit of 81464972?
4
What is the ten millions digit of 66597903?
6
What is the millions digit of 41589399?
1
What is the ten thousands digit of 4328170068?
7
What is the hundreds digit of 54399026?
